{"version":"1.0","provider_name":"JetFlo","provider_url":"https:\/\/jetflo.com\/fr\/","author_name":"JetFlo","author_url":"https:\/\/jetflo.com\/fr\/author\/louise\/","title":"Pourquoi l'aviation priv\u00e9e continue-t-elle d'augmenter autant malgr\u00e9 la fin du COVID? - JetFlo","type":"rich","width":600,"height":338,"html":"<blockquote class=\"wp-embedded-content\" data-secret=\"f76uorWwBs\"><a href=\"https:\/\/jetflo.com\/fr\/pourquoi-laviation-privee-continue-t-elle-daugmenter\/\">Pourquoi l&rsquo;aviation priv\u00e9e continue-t-elle d&rsquo;augmenter autant malgr\u00e9 la fin du COVID?<\/a><\/blockquote><iframe sandbox=\"allow-scripts\" security=\"restricted\" src=\"https:\/\/jetflo.com\/fr\/pourquoi-laviation-privee-continue-t-elle-daugmenter\/embed\/#?secret=f76uorWwBs\" width=\"600\" height=\"338\" title=\"\u00ab\u00a0Pourquoi l&rsquo;aviation priv\u00e9e continue-t-elle d&rsquo;augmenter autant malgr\u00e9 la fin du COVID?\u00a0\u00bb &#8212; JetFlo\" data-secret=\"f76uorWwBs\" frameborder=\"0\" marginwidth=\"0\" marginheight=\"0\" scrolling=\"no\" class=\"wp-embedded-content\"><\/iframe><script>\n\/*! This file is auto-generated *\/\n!function(d,l){\"use strict\";l.querySelector&&d.addEventListener&&\"undefined\"!=typeof URL&&(d.wp=d.wp||{},d.wp.receiveEmbedMessage||(d.wp.receiveEmbedMessage=function(e){var t=e.data;if((t||t.secret||t.message||t.value)&&!\/[^a-zA-Z0-9]\/.test(t.secret)){for(var s,r,n,a=l.querySelectorAll('iframe[data-secret=\"'+t.secret+'\"]'),o=l.querySelectorAll('blockquote[data-secret=\"'+t.secret+'\"]'),c=new RegExp(\"^https?:$\",\"i\"),i=0;i<o.length;i++)o[i].style.display=\"none\";for(i=0;i<a.length;i++)s=a[i],e.source===s.contentWindow&&(s.removeAttribute(\"style\"),\"height\"===t.message?(1e3<(r=parseInt(t.value,10))?r=1e3:~~r<200&&(r=200),s.height=r):\"link\"===t.message&&(r=new URL(s.getAttribute(\"src\")),n=new URL(t.value),c.test(n.protocol))&&n.host===r.host&&l.activeElement===s&&(d.top.location.href=t.value))}},d.addEventListener(\"message\",d.wp.receiveEmbedMessage,!1),l.addEventListener(\"DOMContentLoaded\",function(){for(var e,t,s=l.querySelectorAll(\"iframe.wp-embedded-content\"),r=0;r<s.length;r++)(t=(e=s[r]).getAttribute(\"data-secret\"))||(t=Math.random().toString(36).substring(2,12),e.src+=\"#?secret=\"+t,e.setAttribute(\"data-secret\",t)),e.contentWindow.postMessage({message:\"ready\",secret:t},\"*\")},!1)))}(window,document);\n\/\/# sourceURL=https:\/\/jetflo.com\/wp-includes\/js\/wp-embed.min.js\n<\/script>\n","thumbnail_url":"https:\/\/jetflo.com\/wp-content\/uploads\/2022\/11\/Hawker-850XP-empty-leg-private-jet-flight-1024x658.jpg","thumbnail_width":1024,"thumbnail_height":658,"description":"La pand\u00e9mie est peut-\u00eatre termin\u00e9e, mais l'affr\u00e8tement de jets priv\u00e9s devrait continuer \u00e0 monter en fl\u00e8che dans les ann\u00e9es \u00e0 venir. Les projections indiquent que le march\u00e9 va presque doubler par rapport \u00e0 sa valeur actuelle pour atteindre 21 milliards de dollars d'ici 2027. Qu'est-ce qui se cache derri\u00e8re cette croissance de l'aviation priv\u00e9e ?"}

Pourquoi l'aviation privée continue-t-elle d'augmenter autant malgré la fin du COVID? - JetFlo

<blockquote class="wp-embedded-content" data-secret="f76uorWwBs"><a href="https://jetflo.com/fr/pourquoi-laviation-privee-continue-t-elle-daugmenter/">Pourquoi l&rsquo;aviation privée continue-t-elle d&rsquo;augmenter autant malgré la fin du COVID?</a></blockquote><iframe sandbox="allow-scripts" security="restricted" src="https://jetflo.com/fr/pourquoi-laviation-privee-continue-t-elle-daugmenter/embed/#?secret=f76uorWwBs" width="600" height="338" title="« Pourquoi l&rsquo;aviation privée continue-t-elle d&rsquo;augmenter autant malgré la fin du COVID? » &#8212; JetFlo" data-secret="f76uorWwBs" frameborder="0" marginwidth="0" marginheight="0" scrolling="no" class="wp-embedded-content"></iframe><script>
/*! This file is auto-generated */
!function(d,l){"use strict";l.querySelector&&d.addEventListener&&"undefined"!=typeof URL&&(d.wp=d.wp||{},d.wp.receiveEmbedMessage||(d.wp.receiveEmbedMessage=function(e){var t=e.data;if((t||t.secret||t.message||t.value)&&!/[^a-zA-Z0-9]/.test(t.secret)){for(var s,r,n,a=l.querySelectorAll('iframe[data-secret="'+t.secret+'"]'),o=l.querySelectorAll('blockquote[data-secret="'+t.secret+'"]'),c=new RegExp("^https?:$","i"),i=0;i<o.length;i++)o[i].style.display="none";for(i=0;i<a.length;i++)s=a[i],e.source===s.contentWindow&&(s.removeAttribute("style"),"height"===t.message?(1e3<(r=parseInt(t.value,10))?r=1e3:~~r<200&&(r=200),s.height=r):"link"===t.message&&(r=new URL(s.getAttribute("src")),n=new URL(t.value),c.test(n.protocol))&&n.host===r.host&&l.activeElement===s&&(d.top.location.href=t.value))}},d.addEventListener("message",d.wp.receiveEmbedMessage,!1),l.addEventListener("DOMContentLoaded",function(){for(var e,t,s=l.querySelectorAll("iframe.wp-embedded-content"),r=0;r<s.length;r++)(t=(e=s[r]).getAttribute("data-secret"))||(t=Math.random().toString(36).substring(2,12),e.src+="#?secret="+t,e.setAttribute("data-secret",t)),e.contentWindow.postMessage({message:"ready",secret:t},"*")},!1)))}(window,document);
//# sourceURL=https://jetflo.com/wp-includes/js/wp-embed.min.js
</script>

La pandémie est peut-être terminée, mais l'affrètement de jets privés devrait continuer à monter en flèche dans les années à venir. Les projections indiquent que le marché va presque doubler par rapport à sa valeur actuelle pour atteindre 21 milliards de dollars d'ici 2027. Qu'est-ce qui se cache derrière cette croissance de l'aviation privée ?
